rs of v(93)?
2, 3, 13
Let x(y) = -y**3 + 13*y**2 + 32*y. Let k be x(15). List the prime factors of ((-768)/30)/((27/k)/(-9)).
2
Let f(g) = -2*g**2 - 61*g. Let q be f(-18). Suppose 1477 = 457*n - q*n. What are the prime factors of n?
211
Let n(u) = 40*u**2 + 41*u - 487. What are the prime factors of n(12)?
5, 1153
Let l = -50 - -50. Suppose 0 = -5*k - 2*r + 10, -5*k + 2*r - 1 + 11 = l. Suppose 28 = k*g - 2*y + 7*y, 103 = 5*g - 4*y. List the prime factors of g.
19
List the prime factors of 7 - (22 + -20 - 41762).
11, 3797
Suppose -5*y + 5 = -5, 0 = -4*s - 4*y - 240. Let p = -55 - s. Suppose 5*m = 5*v - 110, -3*v - p*m + 4*m + 42 = 0. What are the prime factors of v?
2, 3
Suppose -49*i + 42358 = 8695. Suppose 12*j - i = 11*j. List the prime factors of j.
3, 229
Suppose -24 + 3 = -3*r - 3*j, 9 = -r + 3*j. Suppose 5*s - 396 = g - 1396, -r*s = -g + 1004. What are the prime factors of g?
2, 5, 101
Suppose 0 = l - 3*l + 18. Suppose l = -3*w + 3. What are the prime factors of (-15)/(w - -5)*(-1 - 6)?
5, 7
Suppose -22*v = 55831 - 679223. What are the prime factors of v?
2, 7, 11, 23
Suppose a = 1614 - 1285. List the prime factors of a.
7, 47
What are the prime factors of 21/(945/1586268) - (-21)/35?
35251
Let l be 350352/30 - 8/20. Suppose -11*c + l = 931. List the prime factors of c.
977
Let o = -17982 + 49752. What are the prime factors of o?
2, 3, 5, 353
Suppose 0*a = -y + 4*a + 152, -2*a - 10 = 0. Suppose y*n + 1842 = 135*n. List the prime factors of n.
2, 307
Let j(f) = -19*f + 10. Let n(p) = -p**2 + 74*p - 72*p + 2 - 2*p**2 - p**3. Let h be n(-3). What are the prime factors of j(h)?
2, 43
Let x(n) = -6*n**3 - 117*n**2 + 43*n + 33. List the prime factors of x(-22).
11, 577
Let h = -4 - -44. Suppose h*w - 312 = 39*w. List the prime factors of w.
2, 3, 13
Suppose -152*c = -188*c + 649116. What are the prime factors of c?
13, 19, 73
Suppose -10*r + 10 = -10. Suppose r*i = 3*i - 5. Suppose 4*l - 72 = 5*f - f, -i*f = 25. What are the prime factors of l?
13
Suppose 2*b = -3*o + 22081, -5*o - 11073 = 126*b - 127*b. What are the prime factors of b?
2, 1381
Suppose 63*q + 100872 = 27*q + 108*q. What are the prime factors of q?
3, 467
Let p(m) = m**2 + 8*m + 14. Let u(c) = c**2 + 7*c - 24. Let r be u(-9). Let t be p(r). What are the prime factors of t + (-48)/(-3) + -3?
3, 5
Suppose 0 = 5*g - 18 + 3. Suppose -4*s = -g*s. List the prime factors of 3*(1 + s) + 58.
61
Suppose 2 = -2*o, -2*o = -4*i + o - 121. Let x = i + 52. Suppose x + 50 = g. List the prime factors of g.
71
Let u(t) = -8*t**2 + 6*t - 11. Let m be u(5). Let s = 1231 + m. What are the prime factors of s?
2, 3, 5, 7
Let j(p) = -p**2 + 43*p + 28. Suppose 3*i = 2*c + 98, -5*i - 62 = 5*c - 217. List the prime factors of j(i).
2, 5, 19
Let w(f) = 3*f - 10. Let l = 52 - 47. Let n be w(l). Suppose 0 = 4*c + 5*k - 457, n*c = 5*k + 125 + 390. List the prime factors of c.
2, 3
Let c(u) = -162*u + 112. Let y(q) = -53*q + 38. Let i(f) = 6*c(f) - 17*y(f). List the prime factors of i(-6).
2, 113
Suppose -852*a + 859*a = 53515. What are the prime factors of a?
5, 11, 139
Suppose 7190 = 5*z + 5*l, 828 + 622 = z - 2*l. List the prime factors of z.
2, 7, 103
Let x(y) = -46*y - 15. Let u(s) be the first derivative of 5*s**2 - 4*s - 40. Let b be u(0). What are the prime factors of x(b)?
13
Let m(t) be the first derivative of 19*t**3 + 53*t**2 + t - 261. What are the prime factors of m(-5)?
2, 7
Let p(u) = -26*u - 11. Let l(x) = -33 + 69 - 37. Let y(v) = 6*l(v) - p(v). List the prime factors of y(4).
109
Let o = -20313 - -34479. List the prime factors of o.
2, 3, 787
Let i = 116 - 110. Suppose 5*d - 5*b - 10 = 0, -2*d + i + 0 = -b. Suppose -3*o + 524 = -2*v + 35, 0 = d*o + 2*v - 666. List the prime factors of o.
3, 5, 11
Suppose 16*v = 20*v - 16. Suppose v*s + i + 249 = 1157, -5*s + 2*i = -1122. What are the prime factors of s?
2, 113
Let v(h) = h**2 - 9*h + 11. Let o(s) = 4*s**2 + 10*s + 2. Let u be o(-3). Let r be v(u). Suppose -r*k + 260 = 44. List the prime factors of k.
2, 3
Let t(p) = 435*p**2 - 24*p + 113. List the prime factors of t(4).
6977
Suppose -335*k = -322*k - 407056. List the prime factors of k.
2, 19, 103
Suppose 6 = 2*u - 3*d, -2*u + 0*d - 4 = 2*d. Suppose -q + 333 - 20 = u. What are the prime factors of q?
313
Let p = 17651 + 42642. What are the prime factors of p?
60293
Suppose 2*r + 10*r + 6600 = 0. Let b = r + 896. What are the prime factors of b?
2, 173
Let f(d) = -14*d**2 + 33*d**2 + 12 - 3*d - 9*d**2 + 0*d. Suppose 0 = 5*k - 25. What are the prime factors of f(k)?
13, 19
Let p(o) = 12*o + 44. Let x be p(25). Suppose u + 4*r = x + 31, 1950 = 5*u + 5*r. List the prime factors of u.
5, 79
Suppose 638*w - 647*w = -34407. What are the prime factors of w?
3823
Let c be (1 + -3)*((-4)/2 + 0). Suppose -7*y = q - c*y - 1616, -4*q = -3*y - 6509. List the prime factors of q.
5, 13
Let j(w) = -2*w**2 - 3*w + 1. Let g(o) = 2*o**2 - 6*o - 3. Let r be g(3). Let f be j(r). Let x(y) = -y**2 - 7*y + 18. List the prime factors of x(f).
2, 5
Suppose 0 = -3*g + 24, 5*t - 130307 = -530*g + 536*g. What are the prime factors of t?
29, 31
Suppose -5*d = -3*x - 48, 3*d - 2*x - 29 = -0*x. Let f be ((-33)/429)/((-1)/26). List the prime factors of (492/d)/(f/3).
2, 41
Let q = 7470 + -4448. What are the prime factors of q?
2, 1511
Suppose -1207*a + 1187*a = -202920. List the prime factors of a.
2, 3, 19, 89
Let z = 446 - 177. Suppose 2*h + 4*m = 4*h - 544, h - 5*m - z = 0. What are the prime factors of h?
2, 137
Let u = 295 - 293. What are the prime factors of 7/1*-2*(-15)/u?
3, 5, 7
Let x be ((-122)/(-4))/(5/(-630)*-7). Let g = x + -340. Suppose -4*k + g = q, -766 = -2*q - 2*q - 2*k. What are the prime factors of q?
3, 7
Let h(w) = 22*w**2 + 42*w + 188. List the prime factors of h(11).
2, 3, 23
Let g = 6868 - 3391. What are the prime factors of g?
3, 19, 61
Let t be ((-6)/(-4))/(-2 + (-5)/(-10)). List the prime factors of (83 - -16) + (-2 + 2)/t.
3, 11
Suppose r + 3*j + 1415 = -2*j, 3*j = -3*r - 4245. Let o = r - -2145. What are the prime factors of o?
2, 5, 73
Let l be (1 - -21 - 1)*(-6)/(-21). Let k(n) = 36*n**2 - 1. Let c be k(1). Suppose c = l*x - 25. List the prime factors of x.
2, 5
Let v(z) = -4*z**2 + 37*z. Let l(d) = 7*d**2 - 74*d. Let i(t) = -4*l(t) - 9*v(t). List the prime factors of i(9).
3, 5, 7
Let o(c) = 3*c + 22*c**2 + 14 + 0*c + 12*c**2. List the prime factors of o(-3).
311
Let l be 0 + 0/((-2)/(2 - 3)). Suppose -i + 2*c + 176 = 0, 5*i + l*i - 875 = 5*c. Suppose -4*h + 582 - i = 0. What are the prime factors of h?
2, 3, 17
Suppose 8*c - 95 = -11*c. Suppose -2*q + 2645 = c*z, 0 = 4*z - 3*q + 2*q - 2116. List the prime factors of z.
23
Let q(b) = b**2 + 9*b + 22. Let z = -46 - -53. List the prime factors of q(z).
2, 67
Suppose 3*m - 127590 = -2*f, -4*f + m + 199356 + 55866 = 0. List the prime factors of f.
2, 3, 13, 409
Suppose s - 6*s = -2*l - 48546, -5*s + 21*l + 48413 = 0. What are the prime factors of s?
2, 607
Let j(f) be the third derivative of f**4/12 - 2*f**3 - 36*f**2. Let u be j(-5). Let a = u - -77. What are the prime factors of a?
5, 11
Let a(h) = 20*h**2 + 80*h - 3. Let p be a(-4). What are the prime factors of -6 - (p/(-3) + -454)?
3, 149
Suppose 4*k - 2*d + 22 = 0, -2*d + 9 = -1. Let j be k + (-70 - -4)*2/(-6). Let b = 84 - j. What are the prime factors of b?
5, 13
Let j(a) = 92*a**2 + 2*a - 6. Let k be j(3). Suppose 11*g - 4243 = k. List the prime factors of g.
461
Suppose 18*p + 13*p - 6262 = 0. Let i = p - 76. List the prime factors of i.
2, 3, 7
Let n = -280 - -923. Suppose 3*a - 476 = n. List the prime factors of a.
373
Suppose -10 = 5*u + 5, 3*g = -3*u + 2841. What are the prime factors of g?
2, 5, 19
Let g(w) = -388*w**3 - w**2 - 3*w - 1. Let n(i) = 389*i**3 + 2*i**2 + 3*i + 2. Let m(l) = -3*g(l) - 2*n(l). What are the prime factors of m(1)?
3, 43
Let d be ((-1)/(-6))/((-32)/(-192)). What are the prime factors of 0 - d - -2 - -5*91?
2, 3, 19
Suppose -5*v + 25619 = -3*m - 48315, -v + 14796 = 4*m. List the prime factors of v.
2, 3697
Let t(q) = -q**3 + 17*q**2 + 22*q + 13. Suppose a + 6 = 8. Suppose -x = a*m + 3*m - 91, 5*m = -2*x + 92. List the prime factors of t(m).
5, 17
Let w(p) = p**3 - 12*p**2 - 18*p + 241. Let i be w(12). Let n(l) = 84*l - 358. What are the prime factors of